x) = -200*x + 18565. What is n(93)?
-35
Let w(v) = v**2 - 36*v + 76. Determine w(17).
-247
Let q(n) = -n**3 + 47*n**2 - 214*n + 1810. What is q(43)?
4
Let j(v) = -316*v - 2275. What is j(-7)?
-63
Let c(u) = -u**2 - 28*u - 125. What is c(-14)?
71
Let z(d) = d**3 - 28*d**2 - 57*d + 1439. Give z(28).
-157
Let b(u) = -213*u - 1713. Determine b(-8).
-9
Let z(n) = -n**3 + 37*n + 86. Calculate z(7).
2
Let q(n) = -4*n**2 + 494*n - 494. Determine q(1).
-4
Let g(h) = -5*h**2 + 121*h + 122. Give g(15).
812
Let m(b) = -b**3 - 5*b**2 + 210*b - 423. What is m(-18)?
9
Let c(k) = -k**3 + 18*k**2 + 5*k - 114. What is c(18)?
-24
Let s(l) = 2*l**2 - 655*l + 5. Calculate s(0).
5
Let b(f) = 117*f - 12. What is b(1)?
105
Let j(m) = m**2 - 94*m + 829. What is j(84)?
-11
Let l(u) = 619*u - 3126. Calculate l(5).
-31
Let u(k) = -13*k - 52. Give u(-2).
-26
Let j(o) = -7*o**2 + 415*o - 2647. Give j(52).
5
Let z(p) = 124*p**2 - 9*p + 4. Determine z(1).
119
Let z(l) = l**3 - 17*l**2 + 88*l - 133. Determine z(7).
-7
Let y(q) = 4*q + 248. Calculate y(-58).
16
Let g(d) = -d**2 + 113*d + 19. Give g(0).
19
Let x(g) = 66*g + 160. Calculate x(-1).
94
Let w(z) = z**3 + 153*z**2 - 467*z - 71446. Calculate w(-153).
5
Let s(k) = 2*k**3 - 4*k**2 - 10*k - 18. What is s(4)?
6
Let p(m) = 80*m - 460. Determine p(6).
20
Let p(a) = -a**2 - 152*a - 5453. Determine p(-58).
-1
Let w(o) = o**2 + 1336*o + 5342. Give w(-4).
14
Let m(g) = 5*g**2 - 81*g - 50. Determine m(15).
-140
Let t(l) = -276*l - 1029. What is t(-4)?
75
Let s(u) = 2*u**2 - 20*u + 74. Calculate s(7).
32
Let o(v) = 2*v**2 - 79*v - 2004. What is o(57)?
-9
Let u(a) = 12512*a - 162643. What is u(13)?
13
Let y(w) = -5*w**2 + 17*w + 178. Give y(8).
-6
Let r(c) = -2*c**2 + 74*c - 495. Give r(29).
-31
Let c(z) = -z**3 + 3*z**2 + 8*z - 25. Determine c(6).
-85
Let q(h) = h**3 - 13*h**2 + 40*h + 11. What is q(5)?
11
Let q(d) = 30*d**2 + 5013*d + 548. What is q(-167)?
47
Let w(o) = -o**3 - 6*o**2 + 347*o + 65. Give w(16).
-15
Let f(h) = 278*h - 3350. Determine f(12).
-14
Let k(h) = -2*h**2 - 43*h + 328. Calculate k(7).
-71
Let n(s) = -s**3 + 46*s**2 + 71*s - 505. What is n(47)?
623
Let y(j) = -2*j**3 - 137*j**2 - 2172*j + 73. What is y(-25)?
-2
Let g(q) = -2*q**2 - 10*q - 51. What is g(-6)?
-63
Let s(m) = -m**3 + 4*m**2 + 7*m + 14. What is s(0)?
14
Let h(x) = x - 69. Calculate h(27).
-42
Let n(s) = 8*s**2 - 18*s - 15. Calculate n(6).
165
Let o(t) = -3*t + 355. Determine o(104).
43
Let z(v) = v**2 - 17696*v + 176863. Give z(10).
3
Let x(j) = j**3 - 6*j**2 - 8*j + 61. Give x(4).
-3
Let a(i) = 47*i + 98. Give a(-2).
4
Let c(a) = 3*a**3 - 188*a**2 - 474*a + 1236. Determine c(65).
1
Let b(l) = -18*l**2 - 84*l - 207. Calculate b(-3).
-117
Let a(v) = 2*v**3 + 11*v**2 + 7*v + 7. Determine a(-7).
-189
Let m(v) = -1812*v + 9084. Determine m(5).
24
Let f(s) = s**3 + 70*s**2 + 272*s + 521. Calculate f(-66).
-7
Let z(i) = 262*i + 2865. What is z(-11)?
-17
Let g(c) = c**3 - 22*c**2 - 3*c + 125. Give g(22).
59
Let a(p) = 354*p + 2847. Determine a(-8).
15
Let x(i) = -i**3 + 200*i**2 - 3438*i - 179. Calculate x(181).
2
Let z(v) = -8*v**2 - 19*v + 106. What is z(-5)?
1
Let b(z) = 2*z**3 - 32*z**2 - 453*z + 7126. Calculate b(17).
3
Let m(v) = 225*v + 3428. Give m(-15).
53
Let p(r) = -3*r**2 - 52*r - 1. Calculate p(-17).
16
Let o(a) = 50*a**2 - 2302*a + 93. What is o(46)?
1
Let h(f) = -f**2 + 29*f - 30. Give h(-6).
-240
Let f(p) = 1328*p + 15930. Calculate f(-12).
-6
Let k(d) = 3*d**3 + 70*d**2 + 275*d + 32. Determine k(-5).
32
Let i(j) = -j**3 - 28*j**2 + 6*j + 101. Determine i(-28).
-67
Let y(p) = p**2 - 8*p + 16. Give y(5).
1
Let n(i) = 2*i**2 + 246*i + 3234. What is n(-15)?
-6
Let t(f) = -342*f - 8586. Give t(-25).
-36
Let n(p) = 125*p - 762. What is n(6)?
-12
Let x(p) = p**3 - 31*p**2 + 34*p - 80. Give x(30).
40
Let i(o) = -7*o**3 + 189*o**2 - 179*o + 30. What is i(26)?
108
Let y(t) = -15*t + 234. What is y(6)?
144
Let i(l) = -23*l**2 - 72*l - 69. Calculate i(-1).
-20
Let x(j) = j**3 - 9*j**2 + 31*j - 379. Determine x(10).
31
Let b(v) = -75*v + 440. Give b(6).
-10
Let t(z) = -596*z - 612. Determine t(-1).
-16
Let l(q) = 159*q + 314. What is l(-5)?
-481
Let o(m) = -5*m**3 + 48*m**2 - 7*m + 28. Determine o(10).
-242
Let d(l) = -10*l**2 - 293*l - 1154. Determine d(-4).
-142
Let d(x) = -29*x - 180. Determine d(12).
-528
Let h(n) = -n**2 + 141*n - 4370. Calculate h(46).
0
Let b(t) = -t**2 + 201*t - 8206. Calculate b(57).
2
Let a(b) = -b**3 + b**2 + b - 9. Determine a(-3).
24
Let j(i) = 37*i + 2712. Calculate j(-73).
11
Let y(z) = z**2 + 88*z + 265. Give y(-86).
93
Let v(w) = -2*w**3 + w**2 - 35*w + 71. Give v(2).
-11
Let h(t) = -61*t - 20. What is h(-1)?
41
Let n(f) = -26*f**2 - 194*f + 20. Determine n(0).
20
Let h(o) = -3338*o + 6675. Calculate h(2).
-1
Let t(s) = s**3 - 6*s**2 - 27*s - 7. What is t(9)?
-7
Let o(z) = 2*z**2 + z - 172. What is o(0)?
-172
Let m(o) = -o**2 - 11*o + 96. Determine m(-12).
84
Let d(n) = 3*n**3 + n**2 - 29*n + 10. Calculate d(-4).
-50
Let s(c) = 49*c + 333. Calculate s(-12).
-255
Let t(q) = -q**3 + 97*q**2 + 957*q + 30. Determine t(-9).
3
Let l(n) = -254*n - 1311. Give l(-8).
721
Let p(a) = 6*a**2 - 45*a + 1. Determine p(-6).
487
Let p(g) = 7*g**3 - 10*g**2 + 23. Calculate p(3).
122
Let d(u) = -690*u - 24144. Give d(-35).
6
Let x(k) = 270*k - 20. Give x(-1).
-290
Let a(z) = z**2 - 59*z + 837. Calculate a(23).
9
Let i(g) = -918*g + 3658. What is i(4)?
-14
Let q(b) = 252*b - 802. Calculate q(3).
-46
Let x(y) = -y**3 - y**2 + y + 54. Give x(0).
54
Let v(o) = -o**3 + 15*o**2 - 367*o + 4449. Determine v(13).
16
Let f(z) = -z**3 + 32*z**2 + z + 37. Give f(32).
69
Let y(a) = -15*a**2 + 2621*a - 1938. Calculate y(174).
-24
Let v(c) = 2*c**2 + 150*c + 2818. Determine v(-37).
6
Let g(w) = w**3 - 69*w**2 + 75*w - 271. Give g(68).
205
Let z(m) = -3*m**2 + 33*m + 20. Determine z(8).
92
Let t(k) = -3*k**2 + 200*k + 69. What is t(68)?
-203
Let t(o) = -o**2 + 124*o - 2461. What is t(25)?
14
Let r(f) = f**3 + 26*f**2 + 114*f + 99. Determine r(-4).
-5
Let y(j) = 46*j - 374. Give y(8).
-6
Let q(f) = -f**3 + 4*f**2 + 12. What is q(7)?
-135
Let t(x) = -x**3 + x**2 - 378*x - 136. What is t(0)?
-136
Let f(i) = i**3 + 5*i**2 - i + 67. What is f(-6)?
37
Let p(y) = -y**3 + 16*y**2 + 45*y + 33. Calculate p(18).
195
Let j(l) = 2*l**3 + 128*l**2 + 191*l + 12225. Give j(-64).
1
Let i(v) = v**3 - 30*v + 49. Calculate i(5).
24
Let z(k) = -3*k**2 - 35*k + 95. Give z(5).
-155
Let q(g) = -20*g**2 + 290*g - 1024. What is q(6)?
-4
Let r(b) = 4*b**2 - 50*b - 243. Determine r(-4).
21
Let o(c) = -16*c - 259. Give o(-30).
221
Let z(f) = -2*f**3 - 22*f**2 + 7*f + 67. Determine z(-11).
-10
Let s(d) = d**2 - 53*d - 39117. What is s(226)?
-19
Let u(z) = -5*z**2 - 100*z + 626. Calculate u(-25).
1
Let r(u) = -532*u - 1061. What is r(-2)?
3
Let d(q) = -3*q**2 - 228*q - 1838. What is d(-67)?
-29
Let n(y) = 32*y + 310. Determine n(-9).
22
Let o(u) = 3*u**2 - 306*u + 5437. What is o(79)?
-14
Let k(b) = -58*b - 517. What is k(-5)?
-227
Let m(t) = 722*t - 18054. Determine m(25).
-4
Let b(a) = 484*a + 3386. What is b(-7)?
-2
Let y(p) = -6*p - 90. What is y(-10)?
-30
Let l(p) = 2*p**3 - 64*p**2 - 164*p + 6996. What is l(31)?
-10
Let z(f) = -659*f + 2596. What is z(4)?
-40
Let j(l) = -2*l**3 - 30*l**2 - 35*l + 122. Determine j(-12).
-322
Let f(o) = 11*o**2 + 358*o + 59. Calculate f(-32).
-133
Let x(f) = 196*f + 3180. Calculate x(-16).
44
Let a(o) = o**2 - 138*o - 1162. Determine a(-8).
6
Let k(z) = -4*z**3 - 5*z**2 + 14*z - 1. Give k(2).
-25
Let b(j) = 2*j**2 - 288*j + 2188. Calculate b(136).
12
Let f(z) = z**3 - 7*z**2 - 51*z - 78. What is f(10)?
-288
Let s(u) = -4539*u - 22716. Determine s(-5).
-21
Let w(o) = -83*o + 172. What is w(2)?
6
Let y(o) = 82*o + 571. Give y(-7).
-3
Let c(o) = 2*o**3 - 16*o**2 - 2*o - 6. Calculate c(7).
-118
Let m(u) = 6*u**2 + 694*u - 4137. Give m(6).
243
Let u(b) = -b**3 - 99*b**2 - 727*b - 1. Calculate u(-8).
-9
Let b(g) = -g**3 - 2*g**2 + 247*g - 147. Give b(-17).
-11
Let a(q) = q**3 + 12*q**2 - 49*q - 698. What is a(-10)?
-8
Let c(d) = -2*d**3 + 9*d**2 - 28*d + 105. Determine c(6).
-171
Let b(m) = 5*m**3 - m**2 - 5. What is b(-3)?
-149
Let b(q) = -q**2 + 4668*q - 9336. Calculate b(2).
-4
Let k(m) = m**3 + 28*m**2 + 29*m + 42. Give k(-27).
-12
Let r(u